23085*p + 22. Let s(c) = 5*h(c) + 4*z(c). Is s(1) prime?
True
Is (11*-1)/(60/(-2114460)) - -8 a prime number?
True
Let a(q) = 122*q**3 - 9*q**2 + 6*q - 22. Let o be a(10). Let y = o + -59971. Is y a composite number?
True
Suppose 3*g - 3*n - 21 = 0, 2*n - 1 = 4*g - 39. Let s = 2517 - 2472. Is ((-41368)/g)/((-5)/(s/6)) composite?
False
Let g(j) = -1385*j + 312. Let p be g(13). Let y = 36552 + p. Is y a composite number?
False
Let y be (3/(-2))/(-2*1/4). Suppose -c + 1943 = 3*t, -y*c + 2*c + 1947 = 4*t. Is c prime?
True
Is 21/(997/1982 + (-2 - (-21)/14)) a prime number?
False
Let c(l) = -84*l**3 + 2*l**2 - 29*l - 17. Let p(i) = 56*i**3 - i**2 + 20*i + 12. Let o(z) = -5*c(z) - 7*p(z). Suppose -5*q = 3 - 18. Is o(q) a prime number?
False
Let i be (-3)/((-4 - -2) + (7 - 4)). Is ((i/2)/((-21)/7196))/2 prime?
True
Let j = -548552 + 992407. Is j a prime number?
False
Let p(f) = -647*f + 2. Let q be p(-1). Let d = q - 177. Let b = 1107 - d. Is b a prime number?
False
Suppose 3*x + 0*x - 1010 = -g, -5*x + 3026 = 3*g. Suppose 70 - 318 = u + l, 0 = -4*u - l - g. Let j = u - -464. Is j composite?
False
Is (-947)/(-16)*1202 - (2325/120 - 19) composite?
False
Suppose -3*i - 2 + 0 = -5*n, -3*i = n + 32. Let o(c) = c**3 - c**2 + c + 1. Let y(u) = 3*u**3 - u**2 - 9*u - 8. Let h(v) = 2*o(v) - y(v). Is h(i) prime?
False
Let h be (50205/(-4))/((-12)/48). Suppose 5*l - h = 2*l - 3*c, 2*c + 66970 = 4*l. Suppose 5*r - l = -5*g - 0*g, -3*r = 2*g - 6695. Is g prime?
False
Suppose 21*b - 58 = 5. Suppose -2*j + 8 = 0, -4*j + 5*j = -b*z + 7381. Is z prime?
True
Let l(n) = -161736*n + 331. Is l(-7) a composite number?
True
Let n(g) = 429*g**3 - 13*g**2 + 56*g - 23. Is n(6) prime?
False
Let g(j) = 21*j + 20. Let i be g(-4). Is 22382/8 - 12*(-4)/i a composite number?
False
Let q(u) = 7*u**2 + 17*u + 3. Let y = 63 - 17. Let i = -38 + y. Is q(i) composite?
False
Suppose -3*w - 26*p = -23*p - 133365, -88928 = -2*w - 5*p. Is w a composite number?
False
Let s(h) = -2*h**2 + 265*h + 174877. Is s(0) a composite number?
False
Let a = -22 - -22. Suppose 0 = 3*v - 4*v + 2*z - 10, 4*v + 3*z - 4 = a. Is ((178*-17)/1)/v composite?
True
Suppose 188*l - 186*l - 63089 = -3*m, -2*l + 2 = 0. Is m prime?
False
Let w(t) = -235*t**3 - 2*t**2 - 8*t + 2. Let x be w(-3). Suppose 2*u = -u + r + 3815, 5*u - 3*r - x = 0. Is u a composite number?
True
Suppose 8022 = -2*d + 2*u + 3*u, -4*u = -5*d - 20055. Let m = d + 7844. Is m composite?
False
Let b(n) = n**3 + 5*n**2 + 3*n - 3. Let a be b(-4). Suppose 6*o = x + o + 737, 2*x + 1430 = -o. Is (3 - (-70)/(-15))/(a/x) composite?
True
Let j = -10 - -7. Is (3903/4 - 1)/(j/(-12)) prime?
False
Let w = 916488 + -441827. Is w a prime number?
False
Let i(m) = 97603*m - 2. Let u be i(-1). Let j = -29840 - u. Is j prime?
False
Let f(c) = c**3 - 2*c**2 + 1. Let w be f(1). Suppose -z + 2*j + 2*j - 35 = w, -3*z - 170 = j. Is 5*(4 - z)*1 composite?
True
Let d be (-48)/(-30) - ((-12)/5 - -2). Suppose d*s + s = -4*w + 9, 9 = 3*s - w. Is 4111/s - (30/(-9))/5 a prime number?
False
Suppose -5*a + u = -325597, -8*a = -3*a + 5*u - 325585. Is a prime?
True
Suppose 0 = 18*c - 19*c - 6. Is (40*1604 + c)*3/6 prime?
True
Suppose -8113*x - 9547716 = -8125*x. Is x a prime number?
True
Suppose -3*b + 25053 = -5*f + 137590, -f + 2*b + 22499 = 0. Is f a composite number?
False
Is 12/((-168)/49) - (765670/(-4) + 1) composite?
False
Suppose 0 = 113*o - 116*o + 1461. Let y = 894 - o. Is y a prime number?
False
Let a(z) = -z**3 - 15*z**2 + 37*z + 29. Let i be a(-17). Is ((-26)/i - 1) + 83685/77 composite?
False
Let d = -154356 - -272699. Is d composite?
False
Suppose -76*h + 65990760 = 32112320 - 71851468. Is h composite?
False
Let r be -12*(5/(-15) - -1). Let w(i) = -i**3 - 2*i**2 - 8*i + 10. Let u be w(r). Suppose u = 5*y - 597. Is y a prime number?
True
Suppose 0 = -r - 3*r + 20. Let x(s) = -4*s**2 + 2*s + 1989. Let g(c) = 9*c**2 - 3*c - 3979. Let o(v) = r*x(v) + 2*g(v). Is o(0) composite?
False
Let v(s) = -206*s + 61. Let o(l) = 2*l - 8. Let d be o(0). Is v(d) prime?
True
Let k(o) = -284037*o - 1820. Is k(-3) prime?
False
Is 26 + -25 - (-2 - -4 - 4) - -256104 prime?
False
Let d be (-12)/3 - (-2 - 0 - 4). Suppose 5*j = d*h + 3*j - 35324, -5*j - 25 = 0. Is h a prime number?
True
Let u(y) = 51361*y**2 + 53*y - 231. Is u(5) composite?
True
Let j(v) = -2263*v**3 - 1. Let b be j(-1). Let l = -572 + b. Let a = l - -2199. Is a prime?
True
Let i = -125 + 1046. Suppose 12758 = 8*x + 12742. Suppose -i = -x*b - b. Is b a composite number?
False
Let i(s) be the first derivative of -3/2*s**2 - s + 20 - 4/3*s**3 + 3/4*s**4. Is i(6) prime?
False
Suppose -1341 = 17*o - 4520. Let m = o - 136. Is m prime?
False
Suppose 4 = 4*g + s - 0, -g + 22 = -5*s. Let r = 9 - g. Is (-2)/r + 1959/21 composite?
True
Suppose 3 = u - 3*t - 26, -4*u - 2*t = -172. Let h = u - 35. Suppose -8*i + h*i = -502. Is i a composite number?
False
Let l = 67 + -67. Suppose -4*c + 133 + 47 = l. Is ((-1154)/8)/(-4 - c/(-12)) prime?
True
Suppose 5*t = -4*j + 7, -3*t = -j - j + 9. Suppose 0 = -2*y - 4*b + 6926, 5*y - j*b = -0*b + 17250. Is y a prime number?
False
Let m be (0/(15/5))/1. Suppose -k + 3*k - 4150 = m. Let y = k - 1236. Is y composite?
False
Let f be ((-9192)/32)/((-3)/(-72)). Let a = 10343 + f. Is a composite?
False
Let z(d) = 288*d - 185. Let o(y) = -432*y + 277. Let s(i) = 5*o(i) + 8*z(i). Is s(18) a prime number?
False
Let a(c) = 263*c**2 + 232*c + 89. Is a(-30) a prime number?
False
Let n(o) = -55*o + 94. Let b be n(13). Let h = -242 - b. Is h a prime number?
True
Suppose -d - 1 = 0, 799*u = 801*u + 4*d - 276262. Is u a composite number?
True
Suppose -2*y + 474114 = -2*o, -y - o = -0*y - 237049. Is y prime?
True
Suppose 5*o + 19 + 21 = 0. Let w(n) be the first derivative of 3*n**3 + 9*n**2/2 - 7*n - 41. Is w(o) composite?
True
Let j(k) = -93585*k + 160. Is j(-1) prime?
False
Let n be 4/(-22) + ((-5376)/(-44))/12. Is (0 - -1)*(n/(-5) + 2941) a composite number?
False
Let s = -455 + 857. Let o = -275 + s. Is o prime?
True
Let g be -3*(-6)/(-1*1/(-18)). Let h = g + 1393. Is h composite?
True
Suppose 7*g = g - 12. Let h = 3 - g. Suppose -4*x + 1631 = l, 0*l + l = -h. Is x a composite number?
False
Let p = 64 + -46. Let z(n) be the second derivative of -n**4/12 + 11*n**3/2 + 33*n**2/2 - 40*n + 4. Is z(p) prime?
False
Suppose -3*f - 4 = -5*c + 15, 0 = c + 5*f + 13. Suppose 3*u + 128 = c*u - 4*g, g = 2*u + 292. Is 0 + 3 - (u - -5) prime?
False
Suppose -5*u = -2*c - 296129, 4*c - 174572 = -4*u + 62348. Is u a prime number?
False
Let a = 146 + -147. Is (0 - a) + -5 + 2507 a composite number?
False
Let k = 102 + -630. Let d be (963/(-12))/(((-4)/k)/(-1)). Suppose 4*w - 5*b = 12549, 3*w - b - d + 1195 = 0. Is w a composite number?
True
Let c = -1656 - -3314. Suppose 11*g - 326 = 10*g - 5*a, -5*g = -3*a - c. Is g prime?
True
Is 52/624*(1 - 4)*-409588 composite?
False
Let j = 339 + -351. Let f(s) = 11*s**2 - s + 137. Is f(j) a prime number?
True
Let b = 20 - 11. Let y(a) = a**2 + 4 - 5*a + b*a**2 + 4*a**2. Is y(-5) a composite number?
False
Let m = 184852 + -3599. Is m prime?
True
Is ((-3)/5)/((-6)/318176) - 24/40 a prime number?
True
Suppose 2*y - 1150831 = 19*y - 4567542. Is y a composite number?
False
Suppose 8*l - 4*l - 4342 = -3*z, -3*l = 4*z - 3253. Is l composite?
False
Suppose 2*n - 3 = 1. Let y(a) = 130*a**2 - 5*a + 6. Let d be y(4). Suppose 0 = -4*q - n*c + 4*c + d, 3*q - 1532 = 5*c. Is q composite?
True
Let u(a) = 8935*a**2 + 208*a + 32. Is u(-9) prime?
False
Let i(q) = -5455*q**3 + q**2 + q + 1. Let c be i(-1). Is (-3)/(-1)*(c/12 + -1) a composite number?
False
Let s be (16/(-12))/((-2)/3). Suppose -w - s*p = -4440, 3*w - 22256 = -2*w + 4*p. Let t = 519 + w. Is t a prime number?
True
Let q = 64 - 65. Is (47064/(-48))/(q/2) composite?
True
Suppose 3*d = 5*d - 512. Let s be 5/25 - ((-5794)/5 - -4). Let l = s - d. Is l composite?
True
Suppose 0 = 3*h + 3*v - 177, 2*h = 14*v - 18*v + 110. Suppose h*c - 4271 = 62*c. Is c composite?
False
Suppose -1791699 = -19*l + 945764. Is l a prime number?
False
Suppose 8*f + 15 = 5*f. Let y(k) = 658*k + 3. Let w(z) = -z + 1. Let b(u) = -4*w(u) - y(u). Is b(f) prime?
False
Suppose 24*d - 7*d = 306. Is (5937/d)/((-3)/(-90)) composite?
True
Suppose 3*h - 5 + 21 = z, -z = h. Let d be (-21